m) = -m**3 + 7*m**2 - 4*m. Let d = -5 - -11. What is the remainder when u is divided by h(d)?
11
Let n(z) = 8*z**2 + 3*z - 13. Calculate the remainder when n(-5) is divided by 44.
40
Suppose 3*k - 15 = -3*c, c + 7 = 4*c + 5*k. What is the remainder when 71 is divided by c?
8
Suppose 5*r + 5*r - 100 = 0. Calculate the remainder when r is divided by 3.
1
Suppose 0 = -7*q + 2*q. Let f = 5 + q. Suppose -f*p - z + 14 = -29, z - 35 = -4*p. What is the remainder when p is divided by 5?
3
Suppose -10 = -0*k - 3*k + y, -3*k + 20 = 4*y. Calculate the remainder when 20 is divided by k.
0
Let t(o) = -2*o - 4. Let b be t(-3). What is the remainder when 326/5 - b/10 is divided by 17?
14
Let b(d) = d**3 - 7*d**2 - 9*d + 8. Let h be b(8). Suppose p - 6*p + 55 = h. Let k(m) = 2*m - 8. What is the remainder when p is divided by k(7)?
5
Suppose -77 = -2*b - v + 2*v, 5*v - 133 = -4*b. Suppose 4*d - b = 23. Suppose 16 = -9*u + 11*u. Calculate the remainder when d is divided by u.
7
Suppose -5*q + 7 + 29 = 3*r, 4*r - 33 = -5*q. Calculate the remainder when 16 is divided by q.
7
Calculate the remainder when 6 is divided by 172/60 + 8/60.
0
Suppose -3*d + 4*s = 2, 4 = 4*d - 7*d + 5*s. Suppose -2*z + 4*z - 4*b = 70, 0 = -d*b + 2. Let n = 12 + 1. What is the remainder when z is divided by n?
11
Let g(s) = -s**3 - 6*s**2 - 9*s - 7. What is the remainder when 59 is divided by g(-5)?
7
Let b = 15 + -6. Suppose 2*a - 50 = 4*k, -k + 39 - 9 = 2*a. Calculate the remainder when a is divided by b.
8
Suppose -3*j = -7 - 2. What is the remainder when 10 is divided by (0 - -6)*(4 - j)?
4
Let y = 0 - -1. Let x be -1 + 0 + y + 2. Suppose x*j - 4*j = -20. Calculate the remainder when 29 is divided by j.
9
Let x(l) = l**3 - 24*l**2 + 45*l - 7. What is the remainder when 23 is divided by x(22)?
8
Suppose 0 = 2*a + a - 27. What is the remainder when 16 is divided by a?
7
Suppose -4*n + 2*b + 30 = 0, 4*n + 2*b = -b + 5. Calculate the remainder when 26 is divided by n.
1
Let h be ((-57)/5)/((-1)/5). Suppose 0 = -3*s + 2*s + h. Suppose s = 3*w - 0. Calculate the remainder when w is divided by 10.
9
Suppose -i + 2*p = -5*i + 314, i - 5*p - 73 = 0. Calculate the remainder when i is divided by 16.
14
Let v(j) = -j**3 + 8*j**2 + 11*j - 13. Let c(t) = t**3 + 4*t**2 - 5*t - 16. What is the remainder when v(9) is divided by c(-4)?
1
Let g(i) = i**2 + 6*i - 21. Calculate the remainder when g(5) is divided by 9.
7
Calculate the remainder when -31*(0 + -1) + 0 is divided by 17.
14
Let q = -54 - -120. Calculate the remainder when q is divided by 5*5 + (3 - 5).
20
Let h(x) = -2*x - 3. Let d be 24/(-16) - 3/(-2). What is the remainder when h(-6) is divided by -2 - (1 - (d - -8))?
4
Let k be (-4 - -6)*1*2. Calculate the remainder when k/(-6) - 65/(-3) is divided by 11.
10
Calculate the remainder when 4/((-32)/28)*-12 is divided by 15.
12
What is the remainder when (-4)/14 + (-1876)/(-49) is divided by 13?
12
Suppose -2*l = 3*l - 210. Suppose -5*i = -13 - l. What is the remainder when i is divided by 8/44 - (-150)/22?
4
Calculate the remainder when 4/(-7) - (-1872)/42 is divided by 16.
12
Suppose 3*k - 5 = -2*k. Let c = k - -1. Let a = -5 - -12. Calculate the remainder when a is divided by c.
1
Let u(q) = q**3 + 5*q**2 + 8. What is the remainder when u(-4) is divided by 7?
3
What is the remainder when 11 is divided by 15/4 + (-2)/(-8)?
3
Let z = 11 - 12. Let w(d) = -18*d**2 - d. Let n(k) = 19*k**2 + k. Let q(v) = -2*n(v) - 3*w(v). What is the remainder when q(z) is divided by 8?
7
Let j(c) = c**2 + 12*c + 15. Let o be j(-10). Suppose 0 = 3*v - 5*v + 4. What is the remainder when 1*o/2*-2 is divided by v?
1
Let o be (-1)/(2 + (-11)/5). What is the remainder when 2 + o/(5/21) is divided by 12?
11
Suppose 2*h - 78 - 56 = 0. Calculate the remainder when h is divided by 23.
21
Let p be 1/(1/2*1). Let x be 2/(((-4)/(-17))/p). Suppose 0 = r - c - 13, -4*r + x = 4*c - c. Calculate the remainder when r is divided by 5.
3
What is the remainder when (63/6)/(9/12) is divided by 4?
2
Let c = 3 + 10. What is the remainder when c is divided by 7?
6
Suppose -5*q - 4*y + 60 = y, -q - 4*y + 21 = 0. Suppose -18 = -2*x + 18. Let z = 7 + x. What is the remainder when z is divided by q?
7
Suppose 4*r - 119 - 201 = 0. Suppose r = 7*u - 3*u. Calculate the remainder when 79 is divided by u.
19
Suppose -3*k = -2*k - 16. Let f = 5 + -5. What is the remainder when k is divided by (0 - 3) + f + 9?
4
Let n(i) = -i**2 + 4*i + 3 + 10 + 4*i + 2*i. Calculate the remainder when n(9) is divided by 8.
6
Let x(j) = j - 8. Let h be x(0). Let u = h + 14. What is the remainder when 17 is divided by u?
5
Let n(q) = q**3 + 8*q**2 - 6*q + 9. Calculate the remainder when n(-8) is divided by 29.
28
Let u = 47 + -19. Suppose 0 = -4*x + 2*c + u, -5*x = -4*x + 4*c - 25. What is the remainder when x is divided by 6?
3
Let b = -12 + 17. Suppose 0 = -b*q - 3*a + 114, 5*q - 108 = -0*a - a. Suppose 3 + q = 4*d. Calculate the remainder when 16 is divided by d.
4
Suppose 0 = -5*c + 6 - 16. Let h(z) = 3*z**2 + 2*z. What is the remainder when (6 - 1)*(-3 - -6) is divided by h(c)?
7
What is the remainder when (3 + 2)*144/10 is divided by 15?
12
Let b(z) = z**3 - 2*z**2 + 3*z + 1. Calculate the remainder when b(3) is divided by 5.
4
Let z = 112 - 42. Let c = -4 - 3. Let a(j) = j**2 + 3*j - 4. What is the remainder when z is divided by a(c)?
22
Let d(y) = -y**3 + 2*y**2 + 5*y + 2. Let i be d(4). Let x(l) = -l + 2. What is the remainder when x(i) is divided by 5?
2
Let f = 75 - -8. What is the remainder when f is divided by 21?
20
Let m(n) = n**3 - 6*n**2 - 4*n - 5. Let u be m(7). Let v = 22 - u. Calculate the remainder when 16 is divided by v.
4
Let t(r) = r**2 + 10*r + 5. Let g be t(-10). Suppose 2*w = h - 6, h - g*w + 4 = 1. Calculate the remainder when 47 is divided by h.
11
Let d = -11 + 21. Calculate the remainder when 39 is divided by d.
9
Let f be 3/(-1) - (-5 - 87). Suppose k - 5 = 5*z + 22, 4*k = z + f. What is the remainder when k is divided by 6?
4
Suppose 0 = 6*o - 7*o + 7. Calculate the remainder when 14 is divided by o.
0
Suppose -1 = -k - 14. Suppose -2*l + u + 14 = 3*l, -5*u = -3*l + 4. What is the remainder when 424/52 + 2/k is divided by l?
2
Suppose 19 = -5*t - 16. Suppose 27*x = 28*x - 10. Calculate the remainder when x is divided by (-2)/t - (-80)/14.
4
Let o(x) = -x**2 + 6*x + 60. Calculate the remainder when 2*(-2)/((-4)/18) is divided by o(11).
3
Suppose -2*a - 2 = -3*a. Suppose -2*t = -5*q - 99, -2*t + a*q = -t - 50. Calculate the remainder when t is divided by 18.
16
Calculate the remainder when (-3 - (-76)/24) + (-82)/(-12) is divided by 3.
1
What is the remainder when 5/15 - (-176)/3 is divided by 10?
9
Suppose 5*o - 36 = 274. Calculate the remainder when o is divided by 13.
10
Suppose 3*s = -y + 56, 0 = -2*y - 3*s - 7 + 119. Calculate the remainder when y is divided by ((-532)/(-8))/7*2.
18
Let c(b) be the first derivative of -1/4*b**4 + 3 + 0*b - 5/3*b**3 - 5/2*b**2. What is the remainder when c(-5) is divided by 13?
12
Let v(b) = -19*b + 2 - 2 - 1. What is the remainder when v(-1) is divided by 5?
3
Suppose 0*i = 4*i - 136. Calculate the remainder when i is divided by 13.
8
Let h(p) be the third derivative of p**5/60 - p**4/6 + p**2. Let a(i) = 8*i - 1. What is the remainder when a(3) is divided by h(6)?
11
Suppose 3*l - 13 = -2*u, 3*u = 3*l - 1 - 2. Suppose -265 = 8*n - 329. Calculate the remainder when n is divided by l.
2
Let l(r) = r**2 + 6*r. Let k(s) = -s**2 - 7*s - 1. Let j(z) = 3*k(z) + 4*l(z). Let q = -15 + 10. What is the remainder when 19 is divided by j(q)?
5
Calculate the remainder when 9 - 1/(-4 + 3) is divided by 4.
2
Suppose w = -2*w + 60. What is the remainder when ((-944)/40)/((-2)/5) is divided by w?
19
Suppose -135 = -10*x + 215. What is the remainder when 137 is divided by x?
32
Calculate the remainder when 2/((-1)/1) + 1650/15 is divided by 11.
9
Suppose 2*q = 5 + 3. Suppose 3 = q*t - 1. Let l = 2 - 1. What is the remainder when l is divided by t?
0
Suppose -v + 0 - 2 = 0. Calculate the remainder when 29*(12/4)/3 is divided by v/(-11) - 326/(-22).
14
Suppose 24*q - 29*q + 205 = 0. What is the remainder when q is divided by 9?
5
Let b(w) = -w + 16. Let h be b(12). Suppose 0 = -h*z - 0*z + 164. Calculate the 